26 and 131194394?
526
What is the highest common divisor of 751849 and 14?
7
Calculate the greatest common factor of 5645166 and 20140.
38
What is the greatest common divisor of 85649499 and 16965?
3393
What is the greatest common factor of 62996822 and 1582?
1582
What is the highest common factor of 5054 and 13118?
14
What is the greatest common factor of 528 and 4117488?
48
Calculate the highest common divisor of 528 and 12353520.
48
What is the greatest common factor of 9176 and 185592?
296
What is the greatest common factor of 8775375 and 21000?
2625
Calculate the highest common divisor of 2056 and 144471779.
257
Calculate the greatest common factor of 5209180 and 26788.
724
What is the greatest common factor of 68728619 and 26570?
2657
Calculate the greatest common factor of 10647 and 93242877.
3549
What is the greatest common factor of 71725285 and 13509?
1501
Calculate the greatest common divisor of 201 and 2258570.
67
Calculate the greatest common factor of 9100 and 4600700.
1300
What is the greatest common factor of 1352 and 34055424?
104
What is the highest common divisor of 1961358372 and 2736?
684
What is the greatest common factor of 329881 and 5885?
107
What is the highest common factor of 1209 and 19794151?
403
What is the highest common divisor of 416039757 and 3?
3
Calculate the highest common factor of 248333668 and 2024.
1012
Calculate the greatest common divisor of 1064 and 566314.
266
Calculate the greatest common divisor of 129380218 and 297.
11
Calculate the greatest common divisor of 1166137 and 67039.
427
Calculate the highest common divisor of 278336 and 27698781.
4349
Calculate the greatest common factor of 79921632 and 25536.
672
Calculate the greatest common divisor of 12793680 and 3240.
1080
What is the greatest common factor of 1714078 and 2?
2
Calculate the highest common factor of 7424 and 8567528.
232
Calculate the highest common divisor of 1 and 12031365.
1
Calculate the highest common factor of 2449223 and 657.
73
What is the highest common divisor of 957 and 27130631?
319
What is the highest common factor of 332854 and 10998?
94
What is the greatest common factor of 37084107 and 346?
173
Calculate the highest common divisor of 63385 and 11295207.
12677
What is the highest common divisor of 17435 and 2412370?
1585
What is the greatest common divisor of 7710550 and 100?
50
Calculate the greatest common divisor of 5236 and 10042428.
44
What is the highest common divisor of 414622 and 87542?
962
What is the greatest common divisor of 350976 and 13152?
96
Calculate the greatest common factor of 817 and 13709260.
817
What is the greatest common factor of 59314 and 2411682?
1262
Calculate the greatest common factor of 464478 and 210.
42
Calculate the greatest common factor of 170748 and 1237396.
2108
What is the greatest common factor of 225 and 139743?
9
What is the greatest common divisor of 6208054 and 24233?
2203
Calculate the greatest common divisor of 33 and 598696197.
33
What is the greatest common factor of 19849158 and 2772?
126
Calculate the highest common divisor of 342 and 19395333.
171
What is the highest common factor of 3770140 and 40?
20
Calculate the highest common divisor of 3930422 and 20962.
94
What is the greatest common factor of 526857685 and 6645?
2215
Calculate the greatest common factor of 268340 and 4570.
10
Calculate the highest common factor of 12255 and 538575.
645
What is the highest common factor of 21578557 and 4004?
1001
Calculate the greatest common divisor of 67083 and 14160.
177
What is the highest common divisor of 297984 and 21922?
194
What is the greatest common divisor of 5048 and 351348372?
2524
Calculate the greatest common divisor of 962715 and 41430.
15
What is the highest common divisor of 1218706610 and 55?
55
What is the highest common divisor of 20 and 449408?
4
What is the greatest common factor of 124560599 and 57?
19
What is the greatest common factor of 35295 and 10475013?
543
Calculate the greatest common factor of 5204 and 174291067.
1301
What is the greatest common divisor of 616 and 1636152?
56
Calculate the highest common divisor of 18213 and 1199887.
13
Calculate the greatest common divisor of 70 and 520374610.
70
Calculate the highest common factor of 222729146 and 94.
94
Calculate the highest common factor of 3551 and 914483.
67
Calculate the highest common factor of 3992 and 8821322.
998
Calculate the greatest common divisor of 8673960 and 3000.
120
What is the highest common factor of 128 and 19959008?
32
Calculate the greatest common divisor of 3397860 and 97180.
860
Calculate the greatest common factor of 53529126 and 3906.
1302
What is the highest common factor of 640 and 15448448?
128
What is the greatest common divisor of 414 and 4007938554?
414
What is the highest common divisor of 6699149 and 1658?
829
What is the highest common factor of 444 and 16746348?
444
What is the greatest common factor of 23665425 and 1050?
525
What is the greatest common divisor of 65 and 12613939?
13
What is the highest common divisor of 56 and 140390664?
8
Calculate the greatest common divisor of 169840 and 6836832.
3088
Calculate the greatest common factor of 512 and 2298496.
128
What is the greatest common factor of 631 and 4685754889?
631
What is the highest common factor of 575 and 265961880?
115
Calculate the greatest common factor of 620 and 210179380.
620
What is the highest common divisor of 62343875 and 1375?
1375
What is the highest common factor of 14342 and 314?
2
What is the greatest common divisor of 865730 and 40?
10
What is the greatest common divisor of 264 and 398760?
24
Calculate the greatest common factor of 658 and 525994.
14
Calculate the greatest common divisor of 2796552 and 171336.
2904
Calculate the greatest common divisor of 864 and 5117472.
864
What is the highest common factor of 321602 and 84210?
802
Calculate the highest common divisor of 104 and 216593.
13
What is the greatest common divisor of 2472 and 168792692?
412
Calculate the highest common divisor of 38594 and 10442.
46
What is the highest common divisor of 82243 and 1469762?
2653
What is the greatest common factor of 7973 and 3092117?
469
What is the greatest common divisor of 2340855 and 792?
99
Calculate the greatest common divisor of 2572940 and 7210.
1030
What is the highest common factor of 297975405 and 455?
455
What is the greatest common divisor of 150870 and 65460?
30
Calculate the greatest common factor of 2264851 and 158.
79
Calculate the greatest common factor of 729 and 488673.
243
Calculate the highest common divisor of 16537 and 7567475.
719
What is the greatest common divisor of 308100 and 31652400?
3900
What is the greatest common divisor of 299392 and 232?
8
What is the highest common divisor of 1631193 and 460353?
2661
Calculate the greatest common divisor of 10804 and 1158692.
148
Calculate the greatest common factor of 128091977 and 12545.
2509
Calculate the highest common divisor of 130864236 and 66.
6
What is the highest common factor of 2539176 and 13496?
1928
What is the highest common divisor of 342706 and 204440?
538
Calculate the greatest common divisor of 11313056 and 13248.
736
What is the highest common factor of 218712362 and 44?
22
Calculate the highest common divisor of 33345 and 5130.
2565
What is the highest common divisor of 100962989 and 12856?
1607
What is the greatest common divisor of 2051577 and 166617?
1683
Calculate the highest common divisor of 381 and 228771831.
381
Calculate the greatest common factor of 524792866 and 634.
634
What is the highest common factor of 28 and 121273880?
28
Calculate the greatest common divisor of 352859 and 273.
13
What is the greatest common factor of 144486 and 7866?
414
What is the highest common divisor of 23714526 and 330?
66
What is the highest common factor of 92472 and 8072?
8
What is the greatest common divisor of 8528 and 1230246?
82
Calculate the highest common divisor of 5332147 and 21583.
191
Calculate the greatest common factor of 222 and 12810103.
37
Calculate the greatest common factor of 202782065 and 2755.
145
What is the greatest common divisor of 75 and 1148253?
3
What is the highest common divisor of 8337 and 300867?
21
Calculate the highest common divisor of 138 and 75190818.
1